 h*l - 39. Suppose t*a - 94 = 4*a. Is a composite?
False
Suppose 549 = -u - 671. Let x be u/(-5) - (-3)/3. Suppose 0*z = 5*z - x. Is z prime?
False
Suppose 4*u + 50 = -u. Let v(f) be the first derivative of -19*f**2/2 + 13*f + 6. Is v(u) a composite number?
True
Suppose 44*s - 3069326 - 3904806 = 0. Is s prime?
False
Is (4255 - -3) + 10 - (3 - 0) composite?
True
Let i = 77 - 73. Suppose 41 = 4*c + i*l - 235, -c + l = -61. Is c a composite number?
True
Let v(z) = 17*z**3 + z**2 + 16*z + 5. Let k be v(-3). Suppose 5*a + f + 3*f + 250 = 0, 0 = 3*a + 2*f + 150. Let p = a - k. Is p a prime number?
True
Is 211/(-9*(-3)/2619) prime?
False
Let q(r) = 10*r + 15. Let n be q(-11). Let j(a) = 2*a**3 + 2*a**2 - 4*a - 6. Let y be j(6). Let f = y + n. Is f a composite number?
False
Suppose -3*m = -20 + 2. Let t(b) = -b**3 + 9*b**2 - 4*b + 2. Let x be t(m). Let a = -7 + x. Is a a composite number?
False
Let s be (3 + (-30)/9)*3. Is (-5988)/(-16) + s + (-4)/16 a composite number?
False
Suppose -3*s + 28677 = 2688. Is s a composite number?
False
Suppose 0 = 3*l - 6*l - v + 1335, 2218 = 5*l + 4*v. Is l prime?
False
Suppose 4 - 16 = 4*p + 5*h, -p = -3*h + 3. Is (1535/(-15))/(p/9) prime?
True
Let r be 12579/15 - (-24)/(-40). Suppose 2*y - r = -4*a, y - a = -y + 813. Is y composite?
False
Suppose 4*h - y - 3266 + 574 = 0, 3*y = 3*h - 2019. Is h a prime number?
True
Let g be ((-30)/(-4))/(6/(-8)). Let f be -3 + -8 + -11 + 26. Is (514/f)/((-5)/g) a prime number?
True
Suppose 0 = -4*n - 5*h + 130739, -30939 = -2*n - 4*h + 34435. Is n composite?
True
Suppose -5*c = -9*c + 10252. Is c a composite number?
True
Is 4/(-3)*123048/(-96) a prime number?
True
Let i = 91 - 89. Is (-4)/(60/(-10093)) + i/15 a composite number?
False
Let x = 0 - -15. Let a = x + -15. Suppose -3*s - 8 + 179 = a. Is s a prime number?
False
Suppose 29045 = 6*q - 69817. Is q a composite number?
False
Suppose -36 = -4*h - 4*x, -h + 2*x = 4*x - 14. Suppose 0 = 11*a - 4*a - 35. Suppose -h*l - q = -1226, -4*q + q - 1541 = -a*l. Is l composite?
False
Let n be (-21)/14*8/(-3). Suppose n*q = -4*w + 1336, -2*w - 7 = -1. Is q composite?
False
Let z = -32 - -34. Let m(w) = 27*w**2 + 3*w - 1. Is m(z) prime?
True
Let n(d) = 488*d + 681. Is n(26) composite?
True
Is (-2)/((24/1719)/(-4)) composite?
True
Suppose 2*r = -2*r + 21684. Suppose 4*y = -3*a - 23533, -3*a - 28934 = -y - r. Is 2/(-7) - a/21 composite?
False
Is (471/6)/((-23)/(-6026)) prime?
False
Let g(a) be the second derivative of a**5/20 - a**4/12 + a**3/2 - 6*a**2 + 3*a. Is g(7) prime?
False
Let l(v) = 174*v**2 + 2*v - 4. Let a be l(3). Suppose -i - a = -5*i. Suppose 4*z - i = 204. Is z composite?
False
Let q(z) = -3840*z - 157. Is q(-4) a prime number?
False
Let y = 460 + 10069. Is y prime?
True
Suppose -12 = -0*b - 3*b. Let f(p) = -p**3 + 18*p**2 - 9*p + 1. Let c be f(17). Suppose -c = -b*r + 51. Is r composite?
False
Let u(x) = -3*x - 66. Let v be u(-23). Suppose 0 = -15*b + v*b + 10116. Is b composite?
True
Suppose -2*s + 17219 = p, -2*p + 3*p - 17222 = -3*s. Is p composite?
True
Let n(a) = 4*a**2 + 15*a + 11. Let j be n(-10). Let s = j - -779. Suppose 7*k - 2*k = 5*m + s, -2*m = 10. Is k a prime number?
False
Let m(c) = 295*c**3 - 14*c**2 + 19*c - 31. Is m(6) a prime number?
True
Suppose 0 = -225*p + 224*p + 955. Is p composite?
True
Let s(y) be the first derivative of -85*y**4/2 + 2*y**3/3 + 3*y**2/2 + 5*y - 18. Is s(-2) composite?
False
Let m = -2275 - -3408. Is m composite?
True
Suppose 0 = p + 4*w - 8, 5*p + 1 = -4*w + 9. Suppose -13*t + 4*t + 13329 = p. Is t a prime number?
True
Let s(g) = 55*g**3 + 2*g**2 - 3*g. Let w be s(2). Let k = w + -297. Is k prime?
False
Suppose 6976 = 4*f - 5*z, -6*z - 3482 = -2*f - 5*z. Is f a prime number?
False
Suppose -18 = -j + 4*n, -16*n - 28 = -j - 10*n. Let x = -3022 + 2005. Is (2/j)/(9/x) prime?
True
Suppose 0 = 3*j - j - 7138. Let r be (-4)/32 + j/8. Is (6/(-4))/((-3)/r) a composite number?
False
Let p(d) be the first derivative of -d**2/2 + 6*d - 5. Let w be p(4). Suppose -505 = -5*z + z + 3*m, w*z = -4*m + 258. Is z a prime number?
True
Let i(c) be the third derivative of c**4/24 - 2*c**3 + 7*c**2. Let n be i(12). Suppose -4*h + 4*t = -68, 3*h + n*t - 53 = 2*t. Is h prime?
True
Suppose 2592 = 5*o - 2813. Is o composite?
True
Suppose -2*p - 14 = -5*j - 10, -2*p + 8 = j. Is 3*(j + (1 - (-7856)/12)) composite?
False
Let s = -97 + 100. Suppose -5*l + w = -15771, s*w - w - 9473 = -3*l. Is l a composite number?
True
Let p(z) = 22*z**2 - 30*z + 19. Is p(-14) composite?
False
Suppose 2*z - 4*x = 152270, 2*x + 35514 + 269044 = 4*z. Suppose -j + z = 12*j. Is j a composite number?
False
Let b(o) = 3*o**2 + 3*o - 19. Suppose 3*l = 5*c - 9, -3*l - c + 2*c = -3. Let a(z) = z**2 + 2*z + 1. Let f be a(l). Is b(f) composite?
False
Suppose 116*p = 117*p - 3. Suppose -t = p, m + t + t - 155 = 0. Is m composite?
True
Let l(f) = -19*f - 14. Suppose -5*g + 2*g = -9. Suppose 35 = -g*b - 2*b. Is l(b) a prime number?
False
Let w(j) = -j**2 - 5*j + 9. Let d be w(-6). Suppose -3*v = 4*m - 518, d*m + v = 2*m + 129. Is m a composite number?
False
Suppose 3*f + 3*x - 6 = 0, 2*x - 4 = -f + 2. Suppose 2*v - 2*z + z + 12 = 0, 3*v + 32 = -2*z. Is 2580/v*f/3 composite?
True
Let p(l) = l**3 - 19*l**2 + 48*l + 3. Is p(23) a prime number?
False
Let b(g) = -3*g - 7. Let i be b(-4). Suppose 20 = i*a - r, -3*r = -a + r + 4. Is -1 - (-1 + a) - -299 a prime number?
False
Let d(v) = -14*v + 3. Let r(h) = -1. Let g(b) = -d(b) - 2*r(b). Let k(l) = -9*l + 1. Let w(x) = 5*g(x) + 7*k(x). Is w(9) composite?
True
Suppose 0 = 3*y - 7351 - 7766. Is y prime?
True
Suppose -20627 = -b - 4*b - 4*w, 0 = 3*b - 4*w - 12389. Is b a composite number?
False
Suppose -v = -5*u + 292, 4*v + 4*u + 259 + 885 = 0. Let p = 118 - 110. Let x = p - v. Is x prime?
False
Let g be 0/((-4)/2) + 6 + -190. Is 5941/8 + (-69)/g a prime number?
True
Let p(w) = 123*w - 8. Let h(o) = 124*o - 8. Let b(i) = -4*h(i) + 5*p(i). Suppose c = 4*f + 17, -4*c + 5*f + 1 = -34. Is b(c) composite?
False
Suppose 4 = 3*m + 2*x, -2*m - x = -5*x - 24. Suppose 0*v = -m*v + 10732. Is v a prime number?
True
Let q be -5 + (-43)/(-9) - 32838/(-27). Let t = q - 143. Is t composite?
True
Let j(r) = 213*r**2 - r + 3. Is j(1) prime?
False
Suppose 7*j - 7891 = 41956. Is j a prime number?
True
Suppose -65*d + 67*d = 8. Suppose 2*c = -2*w + 1434, 0 = -5*w + 4*w + d*c + 717. Is w a prime number?
False
Suppose 0 = 4*h + 2*l - 2000, 3*l = -9*h + 6*h + 1503. Is h a composite number?
False
Suppose -3*q + 7261 = 5*a, 11*a - 13*a + 2*q + 2914 = 0. Is a prime?
False
Suppose 0 = -2*j + 6*j - 13656. Let x = 2 + 3. Suppose -x = -5*f, 4*a + f + f = j. Is a prime?
True
Let t = 8 + 0. Suppose 0*r + 4*r = t. Suppose 3*w - 81 = -r*s + 19, 8 = 4*w. Is s prime?
True
Suppose -6*o = -30513 - 66261. Is o composite?
True
Let j = 11384 + 2265. Is j prime?
True
Suppose -2*y - m + 583 = 0, m - 231 = 4*y - 1406. Is y a prime number?
True
Let b(y) = -1476*y - 29. Is b(-2) composite?
True
Let f = 927 - 629. Let h be 3 + f*(-3 - 0). Let v = h - -1700. Is v prime?
True
Suppose 12*l - 8*l - 1864 = 0. Let d = -152 + l. Is d a composite number?
True
Let w(h) = h**3 + 3*h**2 + 14. Let c be w(-4). Let n = 59 - 114. Is 2*c/4*n a prime number?
False
Let j = 11534 + 3465. Is j prime?
False
Let n(o) = -2*o**3 - 6*o**2 - 2*o + 15. Let j = 31 + -42. Is n(j) composite?
False
Let l be (2 + 1734 + -4)/(-1). Let u = 2799 + l. Is u composite?
True
Suppose -4*z + 12 = 4. Let y be 3/z + (-2)/(-4). Is (y/(-6))/(2/(-1422)) prime?
False
Let u = 589 + -146. Is u a composite number?
False
Let n(l) = 898*l**3 + 2*l**2 - 2*l + 1. Let g be n(1). Suppose -4*a = 4*o - 896, -4*a - 5*o + 0*o = -g. Is a prime?
False
Let m = 29957 + -17179. Is m prime?
False
Let f(l) be the third derivative of l**5/15 - l**4/3 - l**3/6 - 9*l**2. Is f(9) a composite number?
False
Let m(p) = p**2 + 19*p - 20. Let l be m(-9). Let a = l + 196. Is a prime?
False
Let q = -14 + 12. Let n be 7*q*(-60)/8. Suppose 0 = -5*p + 5 + n. Is p composite?
True
Suppose -4*p + p - 2925 = 0. Let k = -438 - p. Is k a prime number?
False
Let s be 6/8*4*89. Let g = 884 + s. Is g composite?
False
Let o = 7 + 2274. Is o prime?
True
Is ((-1257)/(-6)*-1)/((-7)/42) prime?
False
Suppose 9 = -l - 18. Let h = l - -42. Is